 321 + -21?
300
In base 3, what is 1002 - 2121?
-1112
In base 11, what is 933 + -2?
931
In base 3, what is 11202 - 10?
11122
In base 15, what is -105 - 3?
-108
In base 5, what is 4 - 4404?
-4400
In base 8, what is 1571 + 2?
1573
In base 12, what is -3 - -83?
80
In base 16, what is -2abd - 1?
-2abe
In base 10, what is 2 + -71?
-69
In base 16, what is -1 + 108e?
108d
In base 6, what is 412 - 3?
405
In base 14, what is 4 + 193d?
1943
In base 15, what is -2 - -589?
587
In base 3, what is 22212 + 10?
22222
In base 3, what is 12 - -101010?
101022
In base 6, what is 0 - -334?
334
In base 16, what is -2454 + 1?
-2453
In base 11, what is -4 + -28?
-31
In base 5, what is -2210 + 2?
-2203
In base 16, what is 1 + 92b?
92c
In base 3, what is -10 + -2?
-12
In base 2, what is -1101111010010 + 11?
-1101111001111
In base 9, what is -1 - 101?
-102
In base 3, what is 0 + 1201001?
1201001
In base 13, what is -6061 + 0?
-6061
In base 11, what is 10a - 0?
10a
In base 4, what is 10230 - -1?
10231
In base 9, what is 3153 + 0?
3153
In base 5, what is -12 - -11234?
11222
In base 16, what is -15 - 32?
-47
In base 11, what is 0 - -15a?
15a
In base 8, what is -10440 - -4?
-10434
In base 8, what is -5 + 1207?
1202
In base 10, what is 3 + -135?
-132
In base 8, what is 44 - -2?
46
In base 15, what is -e + -c?
-1b
In base 14, what is 4 - 1?
3
In base 10, what is -43 - 0?
-43
In base 8, what is -2143 - -4?
-2137
In base 7, what is -1440 + 14?
-1423
In base 7, what is 2622 - -5?
2630
In base 13, what is -1 + 10?
c
In base 7, what is 3321 - -42?
3363
In base 8, what is -67 + 4?
-63
In base 11, what is -137 - -3?
-134
In base 15, what is -5 - -a?
5
In base 10, what is 4 - 28?
-24
In base 7, what is 16 + 10105?
10124
In base 10, what is 1 - -1430?
1431
In base 4, what is -11021 + -333?
-12020
In base 14, what is -67 - -6?
-61
In base 13, what is -3 + 173?
170
In base 12, what is 3 + -4?
-1
In base 10, what is -5 + -4492?
-4497
In base 9, what is -22 + 128?
106
In base 10, what is 8 + -158?
-150
In base 15, what is -151 + 2?
-14e
In base 7, what is 21 + -102?
-51
In base 11, what is 4 + 58?
61
In base 2, what is -11 - -100011111?
100011100
In base 8, what is 2704 - -4?
2710
In base 10, what is -4610 + -4?
-4614
In base 16, what is -13b + -5?
-140
In base 11, what is 2 - 249?
-247
In base 9, what is -4 + -207?
-212
In base 13, what is -6881 + 1?
-6880
In base 12, what is 5 + -192?
-189
In base 12, what is -4 + 8b?
87
In base 6, what is -1054 - -1?
-1053
In base 16, what is -491 - -4?
-48d
In base 14, what is 5 + -a2?
-9b
In base 8, what is 7054 - -1?
7055
In base 8, what is 5 - 1?
4
In base 2, what is 0 - -11100110101?
11100110101
In base 10, what is -548 - -5?
-543
In base 6, what is -51 - 233?
-324
In base 10, what is 2 - -108?
110
In base 2, what is 11010 + 1011010110?
1011110000
In base 14, what is -7 + 4c?
45
In base 11, what is 749 - -3?
751
In base 10, what is 51 + 30?
81
In base 15, what is -1 - -1d?
1c
In base 14, what is 1 - -4a?
4b
In base 15, what is -3 - -47?
44
In base 10, what is -5 - 29?
-34
In base 13, what is -235 - 11?
-246
In base 6, what is -142041 + -3?
-142044
In base 5, what is -130 - -2?
-123
In base 8, what is 3 + -166?
-163
In base 16, what is -2c + -a?
-36
In base 3, what is 1012 - -1?
1020
In base 11, what is -1160 + -6?
-1166
In base 5, what is -331 - -1242?
411
In base 15, what is -3c + -1?
-3d
In base 5, what is -3 - -1414?
1411
In base 5, what is 4 - 100311?
-100302
In base 3, what is 22222 - 0?
22222
In base 2, what is -11001000 + 11?
-11000101
In base 7, what is -54 + -46?
-133
In base 9, what is 8 + -1?
7
In base 3, what is -11 - -12211?
12200
In base 12, what is 5 - -a9?
b2
In base 10, what is -11 + 51?
40
In base 14, what is 6c2 + 3?
6c5
In base 7, what is 2 + 5620?
5622
In base 8, what is 3421 - -2?
3423
In base 6, what is 0 - 2055?
-2055
In base 6, what is 4401 - -3?
4404
In base 5, what is -41 + -13?
-104
In base 2, what is 11 - -110010100?
110010111
In base 16, what is 3e + 2?
40
In base 4, what is -2 + 21021?
21013
In base 13, what is -1 - 115?
-116
In base 16, what is -72 + -4?
-76
In base 12, what is -b + -a1?
-b0
In base 10, what is -64 - 94?
-158
In base 6, what is 42542 - 1?
42541
In base 8, what is -1162 + 12?
-1150
In base 5, what is 1 + -2012?
-2011
In base 8, what is 1 - -53?
54
In base 12, what is 10 - -3?
13
In base 4, what is -10 - -233?
223
In base 15, what is 1a2 + -20?
182
In base 13, what is 11 + b71?
b82
In base 9, what is 448 - -24?
473
In base 3, what is 21 - 2122?
-2101
In base 12, what is 505 + 4?
509
In base 4, what is 212 + -122?
30
In base 11, what is -1 + -3?
-4
In base 10, what is 1 - 3854?
-3853
In base 9, what is 1084 - -1?
1085
In base 8, what is 2101 - 2?
2077
In base 13, what is 5 - -31?
36
In base 14, what is 52b + -4?
527
In base 3, what is 10012 + 1?
10020
In base 4, what is 3010 + 12?
3022
In base 14, what is -a - -1?
-9
In base 6, what is 211 - 22?
145
In base 9, what is 3248 - -1?
3250
In base 7, what is -2553 + 2?
-2551
In base 5, what is 2432 - 1?
2431
In base 16, what is 46 - -39?
7f
In base 10, what is 47 + 8?
55
In base 2, what is 110111011 - 1110?
110101101
In base 14, what is -85a + -2?
-85c
In base 13, what is 19 - 12?
7
In base 10, what is 3 + -4?
-1
In base 14, what is -2 - -121?
11d
In base 2, what is 0 + -10010100?
-10010100
In base 11, what is 9 + -12?
-4
In base 10, what is 445 + -5?
440
In base 15, what is 1c31 + 2?
1c33
In base 13, what is -6 - 14?
-1a
In base 15, what is -2 - 24?
-26
In base 9, what is 1330 - -5?
1335
In base 16, what is -5 + 26?
21
In base 2, what is 1 - 1101101001?
-1101101000
In base 3, what is -11 + -10202?
-10220
In base 9, what is 1478 + -1?
1477
In base 12, what is 8 - 7?
1
In base 16, what is -1f + 68?
49
In base 8, what is 6 + 26?
34
In base 13, what is -3 - -cb?
c8
In base 7, what is 5 - 63?
-55
In base 6, what is 0 - -12240?
12240
In base 13, what is -3 - 38b?
-391
In base 3, what is 1002212 - 1?
1002211
In base 10, what is 92 + -2?
90
In base 7, what is 323 - 0?
323
In base 10, what is -34 - 10?
-44
In base 7, what is 3 - 4?
-1
In base 13, what is -3 - -114?
111
In base 13, what is 59 - -24?
80
In base 13, what is -2b + -1?
-2c
In base 16, what is -3d + 4?
-39
In base 6, what is 111 - 3?
104
In base 6, what is 202 - -1?
203
In base 15, what is -25 - -23?
-2
In base 15, what is -77d + 0?
-77d
In base 3, what is -210 - -202?
-1
In base 10, what is -108 + 2?
-106
In base 3, what is 0 + 102221?
102221
In base 5, what is 2 - -3023?
3030
In base 14, what is -41 + 64?
23
In base 5, what is -22 + -140?
-212
In base 15, what is -3 - -2e?
2b
In base 5, what is 3 + 1122?
1130
In base 7, what is 5034 + 5?
5042
In base 7, what is -16 + 452?
433
In base 12, what is -1 + 5?
4
In base 4, what is -1232 - 11?
-1303
In base 16, what is -50 + 13?
-3d
In base 7, what is 14 + -41?
-24
In base 5, what is -12432 + -21?
-13003
In base 7, what is -1 - 1332?
-1333
In base 10, what is -2786 - -1?
-2785
In base 16, what is -3 - -2a3?
2a0
In base 12, what is 380 - -1?
381
In base 12, what is -2b + 5?
-26
In base 10, what is 912 - 1?
911
In base 16, what is 4 + 9?
d
In base 10, what is -19 - 10?
-29
In base 14, what is -3 + -2d7?
-2da
In base 6, what is -13 + 21?
4
In base 8, what is -1 + 131?
130
In base 5, what is 4 - -11120?
11124
In base 12, what is 1156 + 4?
115a
In base 8, what is 0 - -350?
350
In base 8, what is -203 + 0?
-203
In base 2, what is -10000011 - -110111?
-1001100
In base 5, what is -44323 - -2?
-44321
In base 10, what is 4 + 28?
32
In base 12, what is 3 - -273?
276
In base 12, what is -29 - -98?
6b
In base 7, what is 4 - 23660?
-23653
In base 13, what is -3 - a?
-10
In base 5, what is 10 - 142113?
-142103
In base 3, what is -1202 - 0?
-1202
In base 11, what is 225 + 0?
225
In base 16, what is -608 - 4?
-60c
In base 5, what is 10 + 33?
43
In base 11, what is 12 - -43?
55
In base 8, what is 4 + -50?
-44
In base 5, what is 412 - -433?
1400
In base 4, what is 0 - 203?
-203
In base 2, what is -111110 - 100100?
-1100010
In base 3, what is -1100111 - -21?
-1100020
In base 12, what is 5 + -3a8?
-3a3
In base 16, what is 4 + -5?
-1
In base 3, what is 12 + -21010021?
-21010002
In base 2, what is -100 - -1111101110?
1111101010
In base 12, what is 4 + 40?
44
In base 3, what is -